 110010110000 + 101000011?
110111110011
In base 10, what is 3 + -1101442?
-1101439
In base 16, what is -2c1 - -bfaf?
bcee
In base 12, what is 254a - 20188?
-1983a
In base 10, what is 2 + 5755738?
5755740
In base 13, what is -c + -1c818b1?
-1c818c0
In base 8, what is 33451 - 33574?
-123
In base 8, what is 550 + -4635007?
-4634237
In base 8, what is 717004 - -30?
717034
In base 6, what is 321 - -431545?
432310
In base 9, what is -2 + -8445387?
-8445400
In base 2, what is -11111100010000010101011110 + 10?
-11111100010000010101011100
In base 4, what is -33011133201 + -231?
-33011200032
In base 11, what is 107 + 1828003?
182810a
In base 7, what is -4 - -454460435?
454460431
In base 8, what is -5 + 11661342?
11661335
In base 14, what is 5a2b8b6 + 7?
5a2b8bd
In base 8, what is 30 + 3471720?
3471750
In base 11, what is -195852411 - -3?
-195852409
In base 12, what is -12798 + -261?
-12a39
In base 6, what is 310241001 + -2?
310240555
In base 16, what is 1 - 13d8dd2?
-13d8dd1
In base 8, what is 5677 + 3115?
11014
In base 2, what is 1011110001001011 - -10111111010?
1100001001000101
In base 10, what is 187411 - 3292?
184119
In base 14, what is -108a65d - -3?
-108a65a
In base 3, what is -220 + -11110011122101?
-11110011200021
In base 8, what is 16 - -411115216?
411115234
In base 6, what is 55005251 - -51?
55005342
In base 11, what is -15911305 - -9?
-159112a7
In base 13, what is -15 + -9b080a?
-9b0822
In base 8, what is -5746 - 23527?
-31475
In base 5, what is 132001 - 424133?
-242132
In base 13, what is 52a - 16cb6?
-16789
In base 7, what is 505523544 + 3?
505523550
In base 3, what is 11010 - 120110211001?
-120110122221
In base 16, what is -4f - 24736?
-24785
In base 3, what is 101200 + -12212122111?
-12212020211
In base 12, what is -3b721730 + 2?
-3b72172a
In base 4, what is 2131112 - 21100?
2110012
In base 2, what is 100011000001 + -11011100001?
111100000
In base 16, what is -88ba9 + -50?
-88bf9
In base 11, what is 8414328 + -3?
8414325
In base 7, what is 13503035 + 114?
13503152
In base 13, what is -8 + -1574472?
-157447a
In base 13, what is -5a39c + 4a?
-5a352
In base 6, what is 5 - 31023151553?
-31023151544
In base 16, what is 11b4e25 + 0?
11b4e25
In base 15, what is 774c + -4e5?
7257
In base 11, what is -14a44 - -53a7?
-a648
In base 6, what is 313454 + -1501?
311553
In base 12, what is 12 - -2279b?
227b1
In base 2, what is -10110000111101010 - 1100?
-10110000111110110
In base 12, what is 4b + -2887955?
-2887906
In base 8, what is -13642064 + 11?
-13642053
In base 4, what is 2 - 312000332201?
-312000332133
In base 15, what is 5 + 43da5c?
43da62
In base 5, what is 1303442 + 104302?
1413244
In base 4, what is -1232013233022 + -31?
-1232013233113
In base 13, what is -31ba73 - -139?
-31b937
In base 14, what is 40 + 12094?
120d4
In base 6, what is 2232353205 - 21?
2232353144
In base 14, what is 295aa + 109?
296b5
In base 9, what is 4 + 122623758?
122623763
In base 11, what is 37612187 + -1?
37612186
In base 6, what is -41414 - 130323?
-212141
In base 4, what is -11 - -323302130?
323302113
In base 5, what is -1334 - -34341131?
34334242
In base 2, what is -1100011000111111001111111001 + -101?
-1100011000111111001111111110
In base 16, what is 1af - d7df6?
-d7c47
In base 4, what is 203221 + -331333?
-122112
In base 12, what is 9159b0 - 48?
915964
In base 4, what is -222213202231 + 202?
-222213202023
In base 7, what is -3302461 + 130?
-3302331
In base 12, what is -9643115 - 7?
-9643120
In base 13, what is -b66618 - -33?
-b665b5
In base 10, what is 314 - -3507?
3821
In base 3, what is -12211000210201 - 1?
-12211000210202
In base 9, what is -841 + 74520?
73568
In base 11, what is 1919 + -354a?
-1731
In base 2, what is 1111 - 110000100010001010?
-110000100001111011
In base 5, what is 10223233044 + 113?
10223233212
In base 5, what is 2404301233 - 0?
2404301233
In base 10, what is -29632353 + -4?
-29632357
In base 16, what is -33ff - 210?
-360f
In base 15, what is 557911 + -16?
5578ea
In base 4, what is -3132203302032 - -1?
-3132203302031
In base 6, what is -301205445 - -3?
-301205442
In base 7, what is 21642 + 643?
22615
In base 5, what is 203 - -31310320?
31311023
In base 10, what is 198 + -145686?
-145488
In base 4, what is 32200023311 + -220?
32200023031
In base 9, what is 1 - -1317830?
1317831
In base 4, what is 11 - -301220203?
301220220
In base 9, what is 350211 + -308?
348802
In base 8, what is -2140 + 16362?
14222
In base 15, what is -4e - 707b80?
-707bce
In base 14, what is 3d + -8aa7b8?
-8aa779
In base 10, what is -4 - 19356972?
-19356976
In base 16, what is 10ed9 + 5d0?
114a9
In base 12, what is -3 + -45048b5?
-45048b8
In base 14, what is 3 - -72d806?
72d809
In base 5, what is -1210 + -212412?
-214122
In base 3, what is -210 - 102112021202021?
-102112021210001
In base 4, what is -322120103133 + 0?
-322120103133
In base 12, what is -57 - a9305?
-a9360
In base 3, what is -200022101010011 - 2?
-200022101010020
In base 13, what is 2a0c070b + 1?
2a0c070c
In base 14, what is 418d + 3250?
73dd
In base 15, what is -9339 + -22b2?
-b5eb
In base 14, what is -52684 + 2?
-52682
In base 14, what is -1b9 - 3119?
-32d4
In base 10, what is -1683 - -347?
-1336
In base 4, what is -20111330 + 311111?
-13200213
In base 9, what is 3 + 14780545?
14780548
In base 13, what is -13b7 + -3c830?
-40c17
In base 3, what is 20 - -200121212110211020?
200121212110211110
In base 10, what is -10059 - 75?
-10134
In base 3, what is 1012122000111 - 1001?
1012121222110
In base 10, what is -18 - -17016690?
17016672
In base 16, what is -152167 - 4?
-15216b
In base 3, what is 21121220011 - -101202?
21122021220
In base 3, what is 10201202011 - -10000?
10201212011
In base 2, what is 10011001001100 - 101100000100100?
-11000111011000
In base 11, what is 2 + -3354190?
-3354189
In base 13, what is 16b + -93201?
-93063
In base 9, what is -522071 - -20?
-522051
In base 9, what is 655817753 + 2?
655817755
In base 4, what is -101031132 - -121?
-101031011
In base 9, what is 460016 - 436?
458470
In base 14, what is 0 - -13b717b?
13b717b
In base 9, what is -58418 + 348?
-58060
In base 7, what is -101456553 - -32?
-101456521
In base 6, what is -33124 - 542444?
-1020012
In base 6, what is 4410 + 1505002?
1513412
In base 4, what is -121020131221 - -11?
-121020131210
In base 7, what is -43454 - 2432?
-46216
In base 4, what is 230302 + -2110?
222132
In base 9, what is -8460 + -140?
-8610
In base 3, what is 2010202010 + 2202211?
2020111221
In base 14, what is -23aa28 - -14?
-23aa14
In base 12, what is -245 - -35224b?
352006
In base 3, what is 22001200221 - -21121?
22001222112
In base 13, what is 0 - 1985a1?
-1985a1
In base 3, what is 211 + -1110210212000?
-1110210211012
In base 11, what is -1736900 - 1?
-1736901
In base 12, what is -6564568 - -4?
-6564564
In base 14, what is 20d0 - -1dc2?
40b2
In base 16, what is 20 - -541d?
543d
In base 10, what is -1663 + 15237?
13574
In base 5, what is 10 + -1102304213210?
-1102304213200
In base 9, what is 5 - -3248176?
3248182
In base 9, what is -74235757 - -4?
-74235753
In base 11, what is -13 - -5840026?
5840013
In base 5, what is -32332403103 + -2?
-32332403110
In base 14, what is bc465a + 5?
bc4661
In base 10, what is -1 - 6453065?
-6453066
In base 9, what is -24265 - -1635?
-22530
In base 5, what is 143232022433 + -2?
143232022431
In base 13, what is -c + -672615?
-672624
In base 7, what is -1261653 - -304?
-1261346
In base 16, what is 1 - 12221e?
-12221d
In base 2, what is -10001010011100 + 101000101000?
-1100001110100
In base 16, what is -5 - -94e5bf4?
94e5bef
In base 15, what is -5 - -35aab4a?
35aab45
In base 9, what is -2 - 21507111?
-21507113
In base 6, what is -321530432 - 3?
-321530435
In base 11, what is -2710a50a - -3?
-2710a507
In base 7, what is 24155 + -20204?
3651
In base 11, what is 4a65 - 18100?
-13146
In base 15, what is 3b943 + 7e?
3b9c2
In base 11, what is 1906 - -83a5?
a200
In base 3, what is -21 + 120212010110?
120212010012
In base 8, what is -356557746 + 4?
-356557742
In base 6, what is 313214 - 10133?
303041
In base 9, what is -4053153 + 5?
-4053147
In base 7, what is -6636 - -5442?
-1164
In base 7, what is 3 - 6553660?
-6553654
In base 5, what is -23200202 + 32?
-23200120
In base 6, what is 2 + 14040525422?
14040525424
In base 3, what is 2220 + 